, what is -38d244 - -2?
-38d242
In base 11, what is 11 + -2693?
-2682
In base 9, what is 3665 - -548?
4324
In base 2, what is -11110010011010100 + 10?
-11110010011010010
In base 9, what is 66542 - -5?
66547
In base 9, what is 13 + 654?
667
In base 3, what is 1210 - -1101100?
1110010
In base 2, what is -100111101011 + 111111010?
-11111110001
In base 9, what is -13685 - 107?
-13803
In base 6, what is -13 + -102220?
-102233
In base 13, what is a4b68 + 3?
a4b6b
In base 3, what is 22000020012111 + 0?
22000020012111
In base 4, what is -11 + 110003?
103332
In base 10, what is -200 - 757?
-957
In base 4, what is -200231222 - -11?
-200231211
In base 7, what is -110 + 21104?
20664
In base 6, what is -5 + 11124454?
11124445
In base 6, what is 10241 - -115?
10400
In base 12, what is 5919 - 87?
5852
In base 6, what is 12323311 + -1?
12323310
In base 11, what is -a12 - 3?
-a15
In base 5, what is -23 - 3133?
-3211
In base 2, what is 11101100101 - 11110?
11101000111
In base 12, what is -30 + -342?
-372
In base 3, what is 1001222 + 10001?
1012000
In base 10, what is 4 + -4982?
-4978
In base 7, what is -101 - -52650?
52546
In base 5, what is 3 + -114001?
-113443
In base 6, what is -1 - -1531251?
1531250
In base 3, what is -210122121 - 12?
-210122210
In base 7, what is 13 - 11255?
-11242
In base 13, what is 3a3 + -130?
273
In base 10, what is -32 + -5074?
-5106
In base 12, what is -363b + 7?
-3634
In base 9, what is 0 + -25258?
-25258
In base 3, what is 1221002 - -100110?
2021112
In base 8, what is 4707 + 156?
5065
In base 10, what is -68 + 457?
389
In base 13, what is -3 - -1208c?
12089
In base 5, what is -23 - -102444?
102421
In base 15, what is 1ce0 + -27?
1cb8
In base 16, what is 6dc6 - 2?
6dc4
In base 13, what is -ca + -82?
-17c
In base 8, what is -4 + 56206?
56202
In base 7, what is -13 + -6426362?
-6426405
In base 3, what is -1 + -2102202?
-2102210
In base 14, what is -248 - -7b?
-1ab
In base 6, what is -32 + -4011?
-4043
In base 3, what is -11 - -1200101000?
1200100212
In base 5, what is 304041 - -2003?
311044
In base 13, what is -2512 - -1?
-2511
In base 14, what is -2 - 164d?
-1651
In base 2, what is -10 + 101011011100111100?
101011011100111010
In base 5, what is -332403 - -204?
-332144
In base 4, what is -1 - 11230220?
-11230221
In base 6, what is 125503 + -4?
125455
In base 2, what is 1101001100011111 + 0?
1101001100011111
In base 15, what is 6e1 + -59?
687
In base 16, what is -c - -76c9?
76bd
In base 13, what is 4 + 132b6?
132ba
In base 15, what is -3 - 12a?
-12d
In base 13, what is -5 + -223c?
-2244
In base 4, what is 112233123101 + 10?
112233123111
In base 2, what is -100100110 - 111011011010?
-1000000000000
In base 11, what is 184 + 1687?
1860
In base 11, what is 234503 - -3?
234506
In base 14, what is 72 + -b?
65
In base 14, what is -2ac5 - -8?
-2abb
In base 4, what is -10112133 + 3?
-10112130
In base 7, what is -133 + 4241?
4105
In base 5, what is 1220403 + 212?
1221120
In base 16, what is -8625c + -5?
-86261
In base 9, what is -171 + -270?
-451
In base 13, what is 1c8345 - -5?
1c834a
In base 2, what is -11100 + -1001100101010100?
-1001100101110000
In base 9, what is 3 + -726182?
-726178
In base 2, what is -110100000100 + -10010?
-110100010110
In base 7, what is -12 + 632646?
632634
In base 6, what is 4 + 23525532?
23525540
In base 11, what is 450 - -a16?
1366
In base 15, what is a - 95c?
-952
In base 11, what is 19249 - 2?
19247
In base 14, what is -4b - -3b16?
3aa9
In base 13, what is 10 + 172?
182
In base 3, what is -10102102210 + -1201?
-10102111111
In base 2, what is 11001001100 - -11111?
11001101011
In base 7, what is 44444 - -1?
44445
In base 8, what is -36430 - 5?
-36435
In base 15, what is -16 + -1bdc?
-1c03
In base 15, what is -1241 + 144?
-10ec
In base 15, what is -29c84d - -5?
-29c848
In base 15, what is 8a4e - -4?
8a53
In base 12, what is 2a9 - 14b6?
-1209
In base 14, what is 17c43 - 4b?
17bd6
In base 14, what is 607 - -2c?
635
In base 6, what is 124 - 10423?
-10255
In base 4, what is -2202301 - -11131?
-2131110
In base 16, what is 521 - -5e?
57f
In base 14, what is 7 - -417c?
4185
In base 11, what is 143 - -189?
321
In base 3, what is -1001 - -10200012?
10122011
In base 6, what is 2412 + -44?
2324
In base 15, what is -22 + 95d?
93b
In base 8, what is -376 + 735?
337
In base 3, what is 201110122 - -2?
201110201
In base 9, what is -8553 - 2?
-8555
In base 2, what is -101111001011 - -1001?
-101111000010
In base 3, what is -20 - 110?
-200
In base 12, what is -6b + 1b?
-50
In base 5, what is -3 - -11440331?
11440323
In base 14, what is 3445a8 - 5?
3445a3
In base 5, what is 2011211 - -244?
2012010
In base 4, what is 12 + -20312003?
-20311331
In base 4, what is -132333223 - 11?
-132333300
In base 15, what is -501 + 1?
-500
In base 5, what is 12 + -14344431?
-14344414
In base 8, what is -3 - 10603?
-10606
In base 3, what is 11222222020 - 0?
11222222020
In base 9, what is 3 - -46672?
46675
In base 11, what is -12 - -11832?
11820
In base 8, what is -14212 - 26?
-14240
In base 8, what is 1146 - -210?
1356
In base 8, what is -747475 - -3?
-747472
In base 11, what is 1580 + -12?
1569
In base 4, what is -102100102 - 22?
-102100130
In base 2, what is -11 - 111100011011000000?
-111100011011000011
In base 9, what is 0 + 77253?
77253
In base 4, what is -222 + 33013300?
33013012
In base 8, what is 436 - -144?
602
In base 13, what is -2 + -9b8?
-9ba
In base 14, what is -12a9 - -9?
-12a0
In base 9, what is -80 - -52135?
52045
In base 4, what is 10021 + 110230?
120311
In base 7, what is -11036 + -1051?
-12120
In base 8, what is -7424657 - -2?
-7424655
In base 10, what is 152 - -1037?
1189
In base 16, what is -5 + 172e6?
172e1
In base 8, what is -155344 - 2?
-155346
In base 16, what is 8003 - 3?
8000
In base 9, what is 2854 + -387?
2456
In base 6, what is -330 - -431?
101
In base 15, what is 2811 - -3?
2814
In base 12, what is -52936 + 5?
-52931
In base 8, what is 1353 - -177?
1552
In base 12, what is 50606 + -3?
50603
In base 11, what is -12396 + -5?
-123a0
In base 7, what is -1023 - -1631?
605
In base 6, what is 30003 - 252?
25311
In base 15, what is 3621 + 15?
3636
In base 13, what is 2 + 3b94?
3b96
In base 16, what is -16 + -1ddd?
-1df3
In base 8, what is -5 + 46305?
46300
In base 10, what is 325 - -39?
364
In base 4, what is 23212 + -1312?
21300
In base 3, what is -212000121 - 101?
-212000222
In base 8, what is -22650 - 4?
-22654
In base 8, what is -15730 + 16?
-15712
In base 11, what is -49566 - 6?
-49571
In base 6, what is 1013 - 120?
453
In base 13, what is -148 + 29?
-11c
In base 5, what is -10 + 1443333?
1443323
In base 12, what is -9b - -7a?
-21
In base 7, what is -21252 - -3?
-21246
In base 2, what is -111001 + 1101111111111?
1101111000110
In base 15, what is 3 + -751ed?
-751ea
In base 2, what is 101110 - 101011000001?
-101010010011
In base 11, what is -3 + -768770?
-768773
In base 9, what is 0 + -588234?
-588234
In base 13, what is -97 + -2795?
-285c
In base 4, what is 1131221 - -11?
1131232
In base 12, what is -3 + -10299?
-102a0
In base 12, what is -31 - 10a14?
-10a45
In base 15, what is -4b - e7?
-143
In base 8, what is 2 + -141252?
-141250
In base 16, what is b895b + 2?
b895d
In base 3, what is -2022022201 + -21?
-2022022222
In base 9, what is -35678 - 14?
-35703
In base 10, what is -92 - -62?
-30
In base 8, what is 103642 + 5?
103647
In base 7, what is -30405 - 2?
-30410
In base 11, what is -399 + 11a?
-27a
In base 9, what is 61 + 1382?
1453
In base 6, what is -23013 + -2?
-23015
In base 7, what is -16 + -15155?
-15204
In base 2, what is 11000 + -1000110110001?
-1000110011001
In base 7, what is -10011 + -1031?
-11042
In base 6, what is -55245522 + 2?
-55245520
In base 7, what is -114102 + -1?
-114103
In base 16, what is 1f + -38a?
-36b
In base 2, what is 1 - 100011101000100110?
-100011101000100101
In base 2, what is -1110011 - 10001111001?
-10011101100
In base 5, what is 311 + 33431?
34242
In base 14, what is -2b5 - -10b?
-1a8
In base 6, what is 130 - -3313?
3443
In base 9, what is 66 + 4072?
4148
In base 5, what is 0 + 114334020?
114334020
In base 6, what is -25 - 150534?
-151003
In base 6, what is 1433321 - -3?
1433324
In base 15, what is -3230 - 1d?
-324d
In base 5, what is 101443300 + 11?
101443311
In base 8, what is -1637 - 4